Last updated on 2020-12-04 00:48:18 CET.
Flavor | Version | Tinstall | Tcheck | Ttotal | Status | Flags |
---|---|---|---|---|---|---|
r-devel-linux-x86_64-debian-clang | 1.2.2 | 4.35 | 119.81 | 124.16 | NOTE | |
r-devel-linux-x86_64-debian-gcc | 1.2.2 | 3.26 | 97.81 | 101.07 | NOTE | |
r-devel-linux-x86_64-fedora-clang | 1.2.2 | 171.11 | NOTE | |||
r-devel-linux-x86_64-fedora-gcc | 1.2.2 | 403.18 | NOTE | |||
r-devel-windows-ix86+x86_64 | 1.2.2 | 10.00 | 180.00 | 190.00 | OK | |
r-patched-linux-x86_64 | 1.2.2 | 4.48 | 117.84 | 122.32 | NOTE | |
r-patched-solaris-x86 | 1.2.2 | 210.80 | NOTE | |||
r-release-linux-x86_64 | 1.2.2 | 4.43 | 120.26 | 124.69 | NOTE | |
r-release-macos-x86_64 | 1.2.2 | OK | ||||
r-release-windows-ix86+x86_64 | 1.2.2 | 9.00 | 529.00 | 538.00 | OK | |
r-oldrel-macos-x86_64 | 1.2.2 | OK | ||||
r-oldrel-windows-ix86+x86_64 | 1.2.2 | 7.00 | 176.00 | 183.00 | OK |
Version: 1.2.2
Check: package dependencies
Result: NOTE
Package suggested but not available for checking: 'GAMBoost'
Flavors: r-devel-linux-x86_64-debian-clang, r-devel-linux-x86_64-debian-gcc, r-devel-linux-x86_64-fedora-clang, r-devel-linux-x86_64-fedora-gcc, r-patched-linux-x86_64, r-patched-solaris-x86, r-release-linux-x86_64