CRAN Package Check Results for Package casen

Last updated on 2020-12-04 00:48:18 CET.

Flavor Version Tinstall Tcheck Ttotal Status Flags
r-devel-linux-x86_64-debian-clang 0.1.4 11.08 120.52 131.60 OK
r-devel-linux-x86_64-debian-gcc 0.1.4 9.46 89.96 99.42 OK
r-devel-linux-x86_64-fedora-clang 0.1.4 168.64 NOTE
r-devel-linux-x86_64-fedora-gcc 0.1.4 156.75 NOTE
r-devel-windows-ix86+x86_64 0.1.4 24.00 177.00 201.00 OK
r-patched-linux-x86_64 0.1.4 9.32 112.91 122.23 OK
r-patched-solaris-x86 0.1.4 210.00 NOTE
r-release-linux-x86_64 0.1.4 10.28 112.26 122.54 OK
r-release-macos-x86_64 0.1.4 NOTE
r-release-windows-ix86+x86_64 0.1.4 20.00 140.00 160.00 OK
r-oldrel-macos-x86_64 0.1.4 NOTE
r-oldrel-windows-ix86+x86_64 0.1.4 17.00 176.00 193.00 OK

Check Details

Version: 0.1.4
Check: dependencies in R code
Result: NOTE
    Namespaces in Imports field not imported from:
     ‘janitor’ ‘tibble’
     All declared Imports should be used.
Flavors: r-devel-linux-x86_64-fedora-clang, r-devel-linux-x86_64-fedora-gcc, r-patched-solaris-x86, r-release-macos-x86_64, r-oldrel-macos-x86_64

Version: 0.1.4
Check: data for non-ASCII characters
Result: NOTE
     Note: found 75 marked UTF-8 strings
Flavors: r-devel-linux-x86_64-fedora-clang, r-devel-linux-x86_64-fedora-gcc, r-patched-solaris-x86, r-release-macos-x86_64, r-oldrel-macos-x86_64