CRAN Package Check Results for Package card

Last updated on 2020-12-04 00:48:18 CET.

Flavor Version Tinstall Tcheck Ttotal Status Flags
r-devel-linux-x86_64-debian-clang 0.1.0 12.30 118.48 130.78 OK
r-devel-linux-x86_64-debian-gcc 0.1.0 9.07 90.03 99.10 OK
r-devel-linux-x86_64-fedora-clang 0.1.0 155.77 NOTE
r-devel-linux-x86_64-fedora-gcc 0.1.0 146.29 NOTE
r-devel-windows-ix86+x86_64 0.1.0 21.00 144.00 165.00 OK
r-patched-linux-x86_64 0.1.0 12.17 111.95 124.12 OK
r-patched-solaris-x86 0.1.0 210.30 NOTE
r-release-linux-x86_64 0.1.0 11.56 111.04 122.60 OK
r-release-macos-x86_64 0.1.0 NOTE
r-release-windows-ix86+x86_64 0.1.0 16.00 106.00 122.00 OK
r-oldrel-macos-x86_64 0.1.0 NOTE
r-oldrel-windows-ix86+x86_64 0.1.0 19.00 145.00 164.00 NOTE

Check Details

Version: 0.1.0
Check: dependencies in R code
Result: NOTE
    Namespaces in Imports field not imported from:
     ‘Hmisc’ ‘methods’ ‘readr’ ‘recipes’ ‘sf’ ‘stringr’ ‘utils’
     All declared Imports should be used.
Flavors: r-devel-linux-x86_64-fedora-clang, r-devel-linux-x86_64-fedora-gcc, r-patched-solaris-x86, r-release-macos-x86_64, r-oldrel-macos-x86_64

Version: 0.1.0
Check: R code for possible problems
Result: NOTE
    plot.cosinor: no visible global function definition for ‘plot’
    Undefined global functions or variables:
     plot
    Consider adding
     importFrom("graphics", "plot")
    to your NAMESPACE file.
Flavors: r-oldrel-macos-x86_64, r-oldrel-windows-ix86+x86_64