Last updated on 2020-12-04 00:48:18 CET.
Flavor | Version | Tinstall | Tcheck | Ttotal | Status | Flags |
---|---|---|---|---|---|---|
r-devel-linux-x86_64-debian-clang | 0.1.3 | 5.54 | 45.81 | 51.35 | OK | |
r-devel-linux-x86_64-debian-gcc | 0.1.3 | 4.72 | 37.73 | 42.45 | OK | |
r-devel-linux-x86_64-fedora-clang | 0.1.3 | 69.61 | NOTE | |||
r-devel-linux-x86_64-fedora-gcc | 0.1.3 | 57.69 | NOTE | |||
r-devel-windows-ix86+x86_64 | 0.1.3 | 13.00 | 64.00 | 77.00 | OK | |
r-patched-linux-x86_64 | 0.1.3 | 5.48 | 43.58 | 49.06 | OK | |
r-patched-solaris-x86 | 0.1.3 | 92.00 | NOTE | |||
r-release-linux-x86_64 | 0.1.3 | 5.41 | 43.36 | 48.77 | OK | |
r-release-macos-x86_64 | 0.1.3 | NOTE | ||||
r-release-windows-ix86+x86_64 | 0.1.3 | 11.00 | 49.00 | 60.00 | OK | |
r-oldrel-macos-x86_64 | 0.1.3 | NOTE | ||||
r-oldrel-windows-ix86+x86_64 | 0.1.3 | 9.00 | 63.00 | 72.00 | OK |
Version: 0.1.3
Check: dependencies in R code
Result: NOTE
Namespace in Imports field not imported from: ‘details’
All declared Imports should be used.
Flavors: r-devel-linux-x86_64-fedora-clang, r-devel-linux-x86_64-fedora-gcc, r-patched-solaris-x86, r-release-macos-x86_64, r-oldrel-macos-x86_64