CRAN Package Check Results for Package camtrapR

Last updated on 2020-12-04 00:48:18 CET.

Flavor Version Tinstall Tcheck Ttotal Status Flags
r-devel-linux-x86_64-debian-clang 2.0.3 22.24 214.57 236.81 OK
r-devel-linux-x86_64-debian-gcc 2.0.3 17.99 159.63 177.62 OK
r-devel-linux-x86_64-fedora-clang 2.0.3 289.78 NOTE
r-devel-linux-x86_64-fedora-gcc 2.0.3 286.11 OK
r-devel-windows-ix86+x86_64 2.0.3 43.00 280.00 323.00 NOTE
r-patched-linux-x86_64 2.0.3 21.74 203.78 225.52 OK
r-patched-solaris-x86 2.0.3 271.10 NOTE --no-vignettes
r-release-linux-x86_64 2.0.3 19.77 199.92 219.69 OK
r-release-macos-x86_64 2.0.3 NOTE
r-release-windows-ix86+x86_64 2.0.3 32.00 213.00 245.00 NOTE
r-oldrel-macos-x86_64 2.0.3 NOTE
r-oldrel-windows-ix86+x86_64 2.0.3 33.00 270.00 303.00 NOTE

Check Details

Version: 2.0.3
Check: installed package size
Result: NOTE
     installed size is 8.6Mb
     sub-directories of 1Mb or more:
     doc 4.0Mb
     pictures 4.0Mb
Flavors: r-devel-linux-x86_64-fedora-clang, r-devel-windows-ix86+x86_64, r-release-macos-x86_64, r-release-windows-ix86+x86_64, r-oldrel-macos-x86_64, r-oldrel-windows-ix86+x86_64

Version: 2.0.3
Check: Rd cross-references
Result: NOTE
    Undeclared package ‘plotrix’ in Rd xrefs
Flavor: r-devel-linux-x86_64-fedora-clang

Version: 2.0.3
Flags: --no-vignettes
Check: installed package size
Result: NOTE
     installed size is 8.7Mb
     sub-directories of 1Mb or more:
     doc 4.2Mb
     pictures 3.7Mb
Flavor: r-patched-solaris-x86