Last updated on 2020-12-04 00:48:18 CET.
Flavor | Version | Tinstall | Tcheck | Ttotal | Status | Flags |
---|---|---|---|---|---|---|
r-devel-linux-x86_64-debian-clang | 1.18.0 | 6.41 | 35.97 | 42.38 | OK | |
r-devel-linux-x86_64-debian-gcc | 1.18.0 | 4.46 | 28.98 | 33.44 | OK | |
r-devel-linux-x86_64-fedora-clang | 1.18.0 | 57.47 | NOTE | |||
r-devel-linux-x86_64-fedora-gcc | 1.18.0 | 47.55 | OK | |||
r-devel-windows-ix86+x86_64 | 1.18.0 | 16.00 | 71.00 | 87.00 | OK | |
r-patched-linux-x86_64 | 1.18.0 | 4.85 | 34.68 | 39.53 | OK | |
r-patched-solaris-x86 | 1.18.0 | 68.40 | OK | |||
r-release-linux-x86_64 | 1.18.0 | 5.07 | 34.20 | 39.27 | OK | |
r-release-macos-x86_64 | 1.18.0 | OK | ||||
r-release-windows-ix86+x86_64 | 1.18.0 | 12.00 | 76.00 | 88.00 | OK | |
r-oldrel-macos-x86_64 | 1.18.0 | OK | ||||
r-oldrel-windows-ix86+x86_64 | 1.18.0 | 12.00 | 70.00 | 82.00 | OK |
Version: 1.18.0
Check: Rd cross-references
Result: NOTE
Undeclared packages ‘fields’, ‘spatstat’, ‘R2HTML’, ‘pixmap’, ‘gplots’, ‘RColorBrewer’, ‘epitools’, ‘XML’, ‘exactRankTests’, ‘coin’, ‘ROCR’, ‘Epi’, ‘verification’, ‘Hmisc’, ‘gtools’, ‘magic’, ‘zoo’ in Rd xrefs
Flavor: r-devel-linux-x86_64-fedora-clang