Last updated on 2020-12-04 00:48:18 CET.
Flavor | Version | Tinstall | Tcheck | Ttotal | Status | Flags |
---|---|---|---|---|---|---|
r-devel-linux-x86_64-debian-clang | 1.4 | 2.85 | 19.65 | 22.50 | NOTE | |
r-devel-linux-x86_64-debian-gcc | 1.4 | 2.23 | 18.09 | 20.32 | NOTE | |
r-devel-linux-x86_64-fedora-clang | 1.4 | 35.19 | NOTE | |||
r-devel-linux-x86_64-fedora-gcc | 1.4 | 25.12 | NOTE | |||
r-devel-windows-ix86+x86_64 | 1.4 | 6.00 | 35.00 | 41.00 | NOTE | |
r-patched-linux-x86_64 | 1.4 | 2.88 | 21.57 | 24.45 | NOTE | |
r-patched-solaris-x86 | 1.4 | 41.70 | NOTE | |||
r-release-linux-x86_64 | 1.4 | 2.86 | 19.06 | 21.92 | NOTE | |
r-release-macos-x86_64 | 1.4 | NOTE | ||||
r-release-windows-ix86+x86_64 | 1.4 | 6.00 | 29.00 | 35.00 | NOTE | |
r-oldrel-macos-x86_64 | 1.4 | NOTE | ||||
r-oldrel-windows-ix86+x86_64 | 1.4 | 7.00 | 46.00 | 53.00 | NOTE |
Version: 1.4
Check: DESCRIPTION meta-information
Result: NOTE
Malformed Description field: should contain one or more complete sentences.
Flavors: r-devel-linux-x86_64-debian-clang, r-devel-linux-x86_64-debian-gcc, r-devel-linux-x86_64-fedora-clang, r-devel-linux-x86_64-fedora-gcc, r-devel-windows-ix86+x86_64, r-patched-linux-x86_64, r-patched-solaris-x86, r-release-linux-x86_64, r-release-macos-x86_64, r-release-windows-ix86+x86_64, r-oldrel-macos-x86_64, r-oldrel-windows-ix86+x86_64
Version: 1.4
Check: Rd cross-references
Result: NOTE
Undeclared packages ‘quadprog’, ‘nnls’ in Rd xrefs
Flavor: r-devel-linux-x86_64-fedora-clang
Version: 1.4
Check: compiled code
Result: NOTE
File ‘bvls/libs/bvls.so’:
Found no calls to: ‘R_registerRoutines’, ‘R_useDynamicSymbols’
It is good practice to register native routines and to disable symbol
search.
See ‘Writing portable packages’ in the ‘Writing R Extensions’ manual.
Flavors: r-devel-linux-x86_64-fedora-clang, r-devel-linux-x86_64-fedora-gcc