Last updated on 2020-12-04 00:48:18 CET.
Flavor | Version | Tinstall | Tcheck | Ttotal | Status | Flags |
---|---|---|---|---|---|---|
r-devel-linux-x86_64-debian-clang | 0.1.0 | 245.97 | 184.28 | 430.25 | OK | |
r-devel-linux-x86_64-debian-gcc | 0.1.0 | 170.25 | 143.01 | 313.26 | OK | |
r-devel-linux-x86_64-fedora-clang | 0.1.0 | 583.72 | NOTE | |||
r-devel-linux-x86_64-fedora-gcc | 0.1.0 | 550.11 | OK | |||
r-devel-windows-ix86+x86_64 | 0.1.0 | 559.00 | 244.00 | 803.00 | OK | |
r-patched-linux-x86_64 | 0.1.0 | 209.74 | 180.62 | 390.36 | OK | |
r-patched-solaris-x86 | 0.1.0 | 525.60 | OK | |||
r-release-linux-x86_64 | 0.1.0 | 198.08 | 181.23 | 379.31 | OK | |
r-release-macos-x86_64 | 0.1.0 | NOTE | ||||
r-release-windows-ix86+x86_64 | 0.1.0 | 427.00 | 253.00 | 680.00 | OK | |
r-oldrel-macos-x86_64 | 0.1.0 | NOTE | ||||
r-oldrel-windows-ix86+x86_64 | 0.1.0 | 410.00 | 243.00 | 653.00 | OK |
Version: 0.1.0
Check: installed package size
Result: NOTE
installed size is 15.3Mb
sub-directories of 1Mb or more:
libs 14.4Mb
Flavors: r-devel-linux-x86_64-fedora-clang, r-release-macos-x86_64, r-oldrel-macos-x86_64