CRAN Package Check Results for Package bucky

Last updated on 2020-12-04 00:48:18 CET.

Flavor Version Tinstall Tcheck Ttotal Status Flags
r-devel-linux-x86_64-debian-clang 1.0.6 3.26 35.92 39.18 OK
r-devel-linux-x86_64-debian-gcc 1.0.6 2.67 30.96 33.63 OK
r-devel-linux-x86_64-fedora-clang 1.0.6 54.42 NOTE
r-devel-linux-x86_64-fedora-gcc 1.0.6 45.48 OK
r-devel-windows-ix86+x86_64 1.0.6 9.00 53.00 62.00 OK
r-patched-linux-x86_64 1.0.6 3.45 35.38 38.83 OK
r-patched-solaris-x86 1.0.6 66.00 OK
r-release-linux-x86_64 1.0.6 3.50 36.67 40.17 OK
r-release-macos-x86_64 1.0.6 OK
r-release-windows-ix86+x86_64 1.0.6 9.00 54.00 63.00 OK
r-oldrel-macos-x86_64 1.0.6 OK
r-oldrel-windows-ix86+x86_64 1.0.6 5.00 51.00 56.00 OK

Check Details

Version: 1.0.6
Check: Rd cross-references
Result: NOTE
    Undeclared package ‘mitools’ in Rd xrefs
Flavor: r-devel-linux-x86_64-fedora-clang