CRAN Package Check Results for Package btergm

Last updated on 2020-12-04 00:48:18 CET.

Flavor Version Tinstall Tcheck Ttotal Status Flags
r-devel-linux-x86_64-debian-clang 1.9.13 22.08 165.65 187.73 OK
r-devel-linux-x86_64-debian-gcc 1.9.13 16.45 125.48 141.93 OK
r-devel-linux-x86_64-fedora-clang 1.9.13 235.76 OK
r-devel-linux-x86_64-fedora-gcc 1.9.13 223.55 OK
r-devel-windows-ix86+x86_64 1.9.13 37.00 177.00 214.00 OK
r-patched-linux-x86_64 1.9.13 20.73 155.31 176.04 OK
r-patched-solaris-x86 1.9.13 331.00 OK
r-release-linux-x86_64 1.9.13 18.32 154.61 172.93 OK
r-release-macos-x86_64 1.9.13 OK
r-release-windows-ix86+x86_64 1.9.13 30.00 133.00 163.00 OK
r-oldrel-macos-x86_64 1.9.13 WARN
r-oldrel-windows-ix86+x86_64 1.9.13 31.00 173.00 204.00 OK

Check Details

Version: 1.9.13
Check: dependencies in R code
Result: NOTE
    No protocol specified
    No protocol specified
Flavor: r-oldrel-macos-x86_64

Version: 1.9.13
Check: S3 generic/method consistency
Result: WARN
    No protocol specified
    No protocol specified
    See section ‘Generic functions and methods’ in the ‘Writing R
    Extensions’ manual.
Flavor: r-oldrel-macos-x86_64

Version: 1.9.13
Check: replacement functions
Result: WARN
    No protocol specified
    No protocol specified
    The argument of a replacement function which corresponds to the right
    hand side must be named ‘value’.
Flavor: r-oldrel-macos-x86_64

Version: 1.9.13
Check: foreign function calls
Result: NOTE
    No protocol specified
    No protocol specified
    See chapter ‘System and foreign language interfaces’ in the ‘Writing R
    Extensions’ manual.
Flavor: r-oldrel-macos-x86_64

Version: 1.9.13
Check: R code for possible problems
Result: NOTE
    No protocol specified
    No protocol specified
Flavor: r-oldrel-macos-x86_64

Version: 1.9.13
Check: for missing documentation entries
Result: WARN
    No protocol specified
    No protocol specified
    All user-level objects in a package should have documentation entries.
    See chapter ‘Writing R documentation files’ in the ‘Writing R
    Extensions’ manual.
Flavor: r-oldrel-macos-x86_64

Version: 1.9.13
Check: for code/documentation mismatches
Result: WARN
    No protocol specified
    No protocol specified
    No protocol specified
    No protocol specified
    No protocol specified
    No protocol specified
Flavor: r-oldrel-macos-x86_64

Version: 1.9.13
Check: Rd \usage sections
Result: NOTE
    No protocol specified
    No protocol specified
    The \usage entries for S3 methods should use the \method markup and not
    their full name.
    See chapter ‘Writing R documentation files’ in the ‘Writing R
    Extensions’ manual.
Flavor: r-oldrel-macos-x86_64