Last updated on 2020-12-04 00:48:18 CET.
Flavor | Version | Tinstall | Tcheck | Ttotal | Status | Flags |
---|---|---|---|---|---|---|
r-devel-linux-x86_64-debian-clang | 1.0 | 8.48 | 56.91 | 65.39 | OK | |
r-devel-linux-x86_64-debian-gcc | 1.0 | 7.10 | 44.35 | 51.45 | OK | |
r-devel-linux-x86_64-fedora-clang | 1.0 | 85.32 | NOTE | |||
r-devel-linux-x86_64-fedora-gcc | 1.0 | 74.88 | NOTE | |||
r-devel-windows-ix86+x86_64 | 1.0 | 18.00 | 75.00 | 93.00 | OK | |
r-patched-linux-x86_64 | 1.0 | 9.05 | 53.08 | 62.13 | OK | |
r-patched-solaris-x86 | 1.0 | 111.50 | NOTE | |||
r-release-linux-x86_64 | 1.0 | 7.94 | 54.52 | 62.46 | OK | |
r-release-macos-x86_64 | 1.0 | NOTE | ||||
r-release-windows-ix86+x86_64 | 1.0 | 14.00 | 79.00 | 93.00 | OK | |
r-oldrel-macos-x86_64 | 1.0 | NOTE | ||||
r-oldrel-windows-ix86+x86_64 | 1.0 | 19.00 | 69.00 | 88.00 | OK |
Version: 1.0
Check: dependencies in R code
Result: NOTE
Namespaces in Imports field not imported from:
‘mvtnorm’ ‘ssmn’
All declared Imports should be used.
Flavors: r-devel-linux-x86_64-fedora-clang, r-devel-linux-x86_64-fedora-gcc, r-patched-solaris-x86, r-release-macos-x86_64, r-oldrel-macos-x86_64