Last updated on 2020-12-04 00:48:18 CET.
Flavor | Version | Tinstall | Tcheck | Ttotal | Status | Flags |
---|---|---|---|---|---|---|
r-devel-linux-x86_64-debian-clang | 0.1.0 | 10.67 | 74.23 | 84.90 | OK | |
r-devel-linux-x86_64-debian-gcc | 0.1.0 | 10.56 | 57.68 | 68.24 | OK | |
r-devel-linux-x86_64-fedora-clang | 0.1.0 | 112.87 | NOTE | |||
r-devel-linux-x86_64-fedora-gcc | 0.1.0 | 98.41 | NOTE | |||
r-devel-windows-ix86+x86_64 | 0.1.0 | 23.00 | 105.00 | 128.00 | OK | |
r-patched-linux-x86_64 | 0.1.0 | 9.00 | 70.57 | 79.57 | OK | |
r-patched-solaris-x86 | 0.1.0 | 155.60 | NOTE | |||
r-release-linux-x86_64 | 0.1.0 | 8.56 | 69.35 | 77.91 | OK | |
r-release-macos-x86_64 | 0.1.0 | NOTE | ||||
r-release-windows-ix86+x86_64 | 0.1.0 | 18.00 | 83.00 | 101.00 | OK | |
r-oldrel-macos-x86_64 | 0.1.0 | WARN | ||||
r-oldrel-windows-ix86+x86_64 | 0.1.0 | 20.00 | 103.00 | 123.00 | OK |
Version: 0.1.0
Check: dependencies in R code
Result: NOTE
Namespaces in Imports field not imported from:
‘CCA’ ‘brainR’ ‘elasticnet’
All declared Imports should be used.
Flavors: r-devel-linux-x86_64-fedora-clang, r-devel-linux-x86_64-fedora-gcc, r-patched-solaris-x86, r-release-macos-x86_64, r-oldrel-macos-x86_64
Version: 0.1.0
Check: whether package can be installed
Result: WARN
Found the following significant warnings:
Warning: 'rgl_init' failed, running with rgl.useNULL = TRUE
Flavor: r-oldrel-macos-x86_64