CRAN Package Check Results for Package bpgmm

Last updated on 2020-12-04 00:48:18 CET.

Flavor Version Tinstall Tcheck Ttotal Status Flags
r-devel-linux-x86_64-debian-clang 1.0.7 115.23 68.02 183.25 OK
r-devel-linux-x86_64-debian-gcc 1.0.7 79.08 52.41 131.49 OK
r-devel-linux-x86_64-fedora-clang 1.0.7 253.46 NOTE
r-devel-linux-x86_64-fedora-gcc 1.0.7 224.23 OK
r-devel-windows-ix86+x86_64 1.0.7 252.00 129.00 381.00 OK
r-patched-linux-x86_64 1.0.7 91.48 62.50 153.98 OK
r-patched-solaris-x86 1.0.7 224.00 OK
r-release-linux-x86_64 1.0.7 87.88 63.26 151.14 OK
r-release-macos-x86_64 1.0.7 NOTE
r-release-windows-ix86+x86_64 1.0.7 204.00 102.00 306.00 OK
r-oldrel-macos-x86_64 1.0.7 NOTE
r-oldrel-windows-ix86+x86_64 1.0.7 200.00 122.00 322.00 OK

Check Details

Version: 1.0.7
Check: installed package size
Result: NOTE
     installed size is 6.6Mb
     sub-directories of 1Mb or more:
     libs 6.4Mb
Flavors: r-devel-linux-x86_64-fedora-clang, r-release-macos-x86_64, r-oldrel-macos-x86_64