CRAN Package Check Results for Package bootnet

Last updated on 2020-12-04 00:48:18 CET.

Flavor Version Tinstall Tcheck Ttotal Status Flags
r-devel-linux-x86_64-debian-clang 1.4.3 19.70 150.64 170.34 OK
r-devel-linux-x86_64-debian-gcc 1.4.3 18.36 117.30 135.66 OK
r-devel-linux-x86_64-fedora-clang 1.4.3 212.99 NOTE
r-devel-linux-x86_64-fedora-gcc 1.4.3 206.30 NOTE
r-devel-windows-ix86+x86_64 1.4.3 48.00 175.00 223.00 OK
r-patched-linux-x86_64 1.4.3 16.49 141.13 157.62 OK
r-patched-solaris-x86 1.4.3 287.40 NOTE
r-release-linux-x86_64 1.4.3 14.97 141.83 156.80 OK
r-release-macos-x86_64 1.4.3 NOTE
r-release-windows-ix86+x86_64 1.4.3 38.00 131.00 169.00 OK
r-oldrel-macos-x86_64 1.4.3 NOTE
r-oldrel-windows-ix86+x86_64 1.4.3 41.00 166.00 207.00 OK

Check Details

Version: 1.4.3
Check: package dependencies
Result: NOTE
    Imports includes 22 non-default packages.
    Importing from so many packages makes the package vulnerable to any of
    them becoming unavailable. Move as many as possible to Suggests and
    use conditionally.
Flavor: r-devel-linux-x86_64-fedora-clang

Version: 1.4.3
Check: dependencies in R code
Result: NOTE
    Namespace in Imports field not imported from: ‘psychTools’
     All declared Imports should be used.
Flavors: r-devel-linux-x86_64-fedora-clang, r-devel-linux-x86_64-fedora-gcc, r-patched-solaris-x86, r-release-macos-x86_64, r-oldrel-macos-x86_64

Version: 1.4.3
Check: Rd cross-references
Result: NOTE
    Undeclared package ‘psych’ in Rd xrefs
Flavor: r-devel-linux-x86_64-fedora-clang