Last updated on 2020-12-04 00:48:18 CET.
Flavor | Version | Tinstall | Tcheck | Ttotal | Status | Flags |
---|---|---|---|---|---|---|
r-devel-linux-x86_64-debian-clang | 1.1.0 | 5.27 | 66.03 | 71.30 | OK | |
r-devel-linux-x86_64-debian-gcc | 1.1.0 | 4.53 | 50.42 | 54.95 | OK | |
r-devel-linux-x86_64-fedora-clang | 1.1.0 | 90.76 | OK | |||
r-devel-linux-x86_64-fedora-gcc | 1.1.0 | 83.04 | OK | |||
r-devel-windows-ix86+x86_64 | 1.1.0 | 9.00 | 98.00 | 107.00 | OK | |
r-patched-linux-x86_64 | 1.1.0 | 5.19 | 65.07 | 70.26 | OK | |
r-patched-solaris-x86 | 1.1.0 | 132.50 | OK | |||
r-release-linux-x86_64 | 1.1.0 | 5.08 | 64.63 | 69.71 | OK | |
r-release-macos-x86_64 | 1.1.0 | NOTE | ||||
r-release-windows-ix86+x86_64 | 1.1.0 | 9.00 | 74.00 | 83.00 | OK | |
r-oldrel-macos-x86_64 | 1.1.0 | NOTE | ||||
r-oldrel-windows-ix86+x86_64 | 1.1.0 | 7.00 | 94.00 | 101.00 | OK |
Version: 1.1.0
Check: package dependencies
Result: NOTE
Package suggested but not available for checking: ‘sangerseqR’
Flavors: r-release-macos-x86_64, r-oldrel-macos-x86_64