CRAN Package Check Results for Package bodenmiller

Last updated on 2020-12-04 00:48:17 CET.

Flavor Version Tinstall Tcheck Ttotal Status Flags
r-devel-linux-x86_64-debian-clang 0.1 6.14 34.96 41.10 OK
r-devel-linux-x86_64-debian-gcc 0.1 5.09 29.29 34.38 OK
r-devel-linux-x86_64-fedora-clang 0.1 55.53 NOTE
r-devel-linux-x86_64-fedora-gcc 0.1 47.10 OK
r-devel-windows-ix86+x86_64 0.1 13.00 51.00 64.00 NOTE
r-patched-linux-x86_64 0.1 5.64 34.73 40.37 OK
r-patched-solaris-x86 0.1 68.80 NOTE
r-release-linux-x86_64 0.1 6.17 35.31 41.48 OK
r-release-macos-x86_64 0.1 NOTE
r-release-windows-ix86+x86_64 0.1 9.00 37.00 46.00 NOTE
r-oldrel-macos-x86_64 0.1 NOTE
r-oldrel-windows-ix86+x86_64 0.1 8.00 48.00 56.00 NOTE

Check Details

Version: 0.1
Check: installed package size
Result: NOTE
     installed size is 8.9Mb
     sub-directories of 1Mb or more:
     data 8.7Mb
Flavors: r-devel-linux-x86_64-fedora-clang, r-devel-windows-ix86+x86_64, r-patched-solaris-x86, r-release-macos-x86_64, r-release-windows-ix86+x86_64, r-oldrel-macos-x86_64, r-oldrel-windows-ix86+x86_64