CRAN Package Check Results for Package bmmix

Last updated on 2020-12-04 00:48:17 CET.

Flavor Version Tinstall Tcheck Ttotal Status Flags
r-devel-linux-x86_64-debian-clang 0.1-2 5.38 45.43 50.81 NOTE
r-devel-linux-x86_64-debian-gcc 0.1-2 4.75 36.19 40.94 NOTE
r-devel-linux-x86_64-fedora-clang 0.1-2 66.80 NOTE
r-devel-linux-x86_64-fedora-gcc 0.1-2 57.18 NOTE
r-devel-windows-ix86+x86_64 0.1-2 12.00 62.00 74.00 NOTE
r-patched-linux-x86_64 0.1-2 5.22 43.45 48.67 NOTE
r-patched-solaris-x86 0.1-2 85.80 NOTE
r-release-linux-x86_64 0.1-2 5.41 42.32 47.73 NOTE
r-release-macos-x86_64 0.1-2 NOTE
r-release-windows-ix86+x86_64 0.1-2 12.00 50.00 62.00 NOTE
r-oldrel-macos-x86_64 0.1-2 NOTE
r-oldrel-windows-ix86+x86_64 0.1-2 9.00 62.00 71.00 NOTE

Check Details

Version: 0.1-2
Check: DESCRIPTION meta-information
Result: NOTE
    Malformed Description field: should contain one or more complete sentences.
Flavors: r-devel-linux-x86_64-debian-clang, r-devel-linux-x86_64-debian-gcc, r-devel-linux-x86_64-fedora-clang, r-devel-linux-x86_64-fedora-gcc, r-devel-windows-ix86+x86_64, r-patched-linux-x86_64, r-patched-solaris-x86, r-release-linux-x86_64, r-release-macos-x86_64, r-release-windows-ix86+x86_64, r-oldrel-macos-x86_64, r-oldrel-windows-ix86+x86_64

Version: 0.1-2
Check: R code for possible problems
Result: NOTE
    bmmix : LL.y: no visible global function definition for 'dmultinom'
    bmmix : LL.x : <anonymous>: no visible global function definition for
     'dmultinom'
    bmmix : LPrior.alpha: no visible global function definition for 'dexp'
    bmmix : alpha.move: no visible global function definition for 'rnorm'
    bmmix : alpha.move: no visible global function definition for 'runif'
    bmmix : phi.move: no visible global function definition for 'rnorm'
    bmmix : phi.move: no visible global function definition for 'runif'
    bmmix: no visible global function definition for 'read.table'
    Undefined global functions or variables:
     dexp dmultinom read.table rnorm runif
    Consider adding
     importFrom("stats", "dexp", "dmultinom", "rnorm", "runif")
     importFrom("utils", "read.table")
    to your NAMESPACE file.
Flavors: r-devel-linux-x86_64-debian-clang, r-devel-linux-x86_64-debian-gcc, r-devel-linux-x86_64-fedora-clang, r-devel-linux-x86_64-fedora-gcc, r-devel-windows-ix86+x86_64, r-patched-linux-x86_64, r-patched-solaris-x86, r-release-linux-x86_64, r-release-macos-x86_64, r-release-windows-ix86+x86_64, r-oldrel-macos-x86_64, r-oldrel-windows-ix86+x86_64

Version: 0.1-2
Check: for non-standard things in the check directory
Result: NOTE
    Found the following files/directories:
     'mcmc.txt'
Flavors: r-devel-linux-x86_64-debian-clang, r-devel-linux-x86_64-debian-gcc, r-devel-linux-x86_64-fedora-clang, r-devel-linux-x86_64-fedora-gcc, r-patched-linux-x86_64, r-patched-solaris-x86, r-release-linux-x86_64