Last updated on 2020-12-04 00:48:17 CET.
Flavor | Version | Tinstall | Tcheck | Ttotal | Status | Flags |
---|---|---|---|---|---|---|
r-devel-linux-x86_64-debian-clang | 1.1.4 | 106.31 | 59.61 | 165.92 | OK | |
r-devel-linux-x86_64-debian-gcc | 1.1.4 | 69.10 | 46.46 | 115.56 | OK | |
r-devel-linux-x86_64-fedora-clang | 1.1.4 | 232.19 | NOTE | |||
r-devel-linux-x86_64-fedora-gcc | 1.1.4 | 194.44 | OK | |||
r-devel-windows-ix86+x86_64 | 1.1.4 | 202.00 | 116.00 | 318.00 | NOTE | |
r-patched-linux-x86_64 | 1.1.4 | 80.69 | 59.40 | 140.09 | OK | |
r-patched-solaris-x86 | 1.1.4 | 190.50 | OK | |||
r-release-linux-x86_64 | 1.1.4 | 75.57 | 59.04 | 134.61 | OK | |
r-release-macos-x86_64 | 1.1.4 | NOTE | ||||
r-release-windows-ix86+x86_64 | 1.1.4 | 155.00 | 124.00 | 279.00 | NOTE | |
r-oldrel-macos-x86_64 | 1.1.4 | NOTE | ||||
r-oldrel-windows-ix86+x86_64 | 1.1.4 | 150.00 | 110.00 | 260.00 | NOTE |
Version: 1.1.4
Check: installed package size
Result: NOTE
installed size is 14.3Mb
sub-directories of 1Mb or more:
libs 13.8Mb
Flavors: r-devel-linux-x86_64-fedora-clang, r-devel-windows-ix86+x86_64, r-release-macos-x86_64, r-release-windows-ix86+x86_64, r-oldrel-macos-x86_64, r-oldrel-windows-ix86+x86_64