CRAN Package Check Results for Package blockForest

Last updated on 2020-12-04 00:48:17 CET.

Flavor Version Tinstall Tcheck Ttotal Status Flags
r-devel-linux-x86_64-debian-clang 0.2.4 100.16 104.24 204.40 OK
r-devel-linux-x86_64-debian-gcc 0.2.4 72.38 79.57 151.95 OK
r-devel-linux-x86_64-fedora-clang 0.2.4 289.27 NOTE
r-devel-linux-x86_64-fedora-gcc 0.2.4 246.12 OK
r-devel-windows-ix86+x86_64 0.2.4 235.00 175.00 410.00 OK
r-patched-linux-x86_64 0.2.4 87.20 98.13 185.33 OK
r-patched-solaris-x86 0.2.4 717.80 OK
r-release-linux-x86_64 0.2.4 84.34 96.67 181.01 OK
r-release-macos-x86_64 0.2.4 NOTE
r-release-windows-ix86+x86_64 0.2.4 169.00 129.00 298.00 OK
r-oldrel-macos-x86_64 0.2.4 NOTE
r-oldrel-windows-ix86+x86_64 0.2.4 187.00 167.00 354.00 OK

Check Details

Version: 0.2.4
Check: installed package size
Result: NOTE
     installed size is 7.9Mb
     sub-directories of 1Mb or more:
     libs 7.5Mb
Flavors: r-devel-linux-x86_64-fedora-clang, r-release-macos-x86_64, r-oldrel-macos-x86_64