CRAN Package Check Results for Package blockCV

Last updated on 2020-12-04 00:48:17 CET.

Flavor Version Tinstall Tcheck Ttotal Status Flags
r-devel-linux-x86_64-debian-clang 2.1.1 11.50 163.92 175.42 OK
r-devel-linux-x86_64-debian-gcc 2.1.1 10.44 124.71 135.15 OK
r-devel-linux-x86_64-fedora-clang 2.1.1 215.72 NOTE
r-devel-linux-x86_64-fedora-gcc 2.1.1 213.84 OK
r-devel-windows-ix86+x86_64 2.1.1 25.00 192.00 217.00 OK
r-patched-linux-x86_64 2.1.1 10.80 155.54 166.34 OK
r-patched-solaris-x86 2.1.1 328.90 NOTE
r-release-linux-x86_64 2.1.1 12.49 154.85 167.34 OK
r-release-macos-x86_64 2.1.1 OK
r-release-windows-ix86+x86_64 2.1.1 20.00 146.00 166.00 OK
r-oldrel-macos-x86_64 2.1.1 WARN
r-oldrel-windows-ix86+x86_64 2.1.1 20.00 191.00 211.00 OK

Check Details

Version: 2.1.1
Check: Rd cross-references
Result: NOTE
    Undeclared packages ‘biomod2’, ‘gstat’ in Rd xrefs
Flavor: r-devel-linux-x86_64-fedora-clang

Version: 2.1.1
Check: installed package size
Result: NOTE
     installed size is 5.2Mb
     sub-directories of 1Mb or more:
     extdata 4.0Mb
Flavor: r-patched-solaris-x86

Version: 2.1.1
Check: for executable files
Result: WARN
    Found the following executable file:
     inst/extdata/awt.gri
    Source packages should not contain undeclared executable files.
    See section ‘Package structure’ in the ‘Writing R Extensions’ manual.
Flavor: r-oldrel-macos-x86_64