CRAN Package Check Results for Package bizdays

Last updated on 2020-12-04 00:48:17 CET.

Flavor Version Tinstall Tcheck Ttotal Status Flags
r-devel-linux-x86_64-debian-clang 1.0.6 5.20 52.53 57.73 OK
r-devel-linux-x86_64-debian-gcc 1.0.6 3.92 42.49 46.41 OK
r-devel-linux-x86_64-fedora-clang 1.0.6 76.89 NOTE
r-devel-linux-x86_64-fedora-gcc 1.0.6 69.25 NOTE
r-devel-windows-ix86+x86_64 1.0.6 11.00 103.00 114.00 OK
r-patched-linux-x86_64 1.0.6 5.33 51.70 57.03 OK
r-patched-solaris-x86 1.0.6 101.50 NOTE
r-release-linux-x86_64 1.0.6 5.92 52.76 58.68 OK
r-release-macos-x86_64 1.0.6 OK
r-release-windows-ix86+x86_64 1.0.6 11.00 79.00 90.00 OK
r-oldrel-macos-x86_64 1.0.6 OK
r-oldrel-windows-ix86+x86_64 1.0.6 9.00 106.00 115.00 OK

Check Details

Version: 1.0.6
Check: package dependencies
Result: NOTE
    Package suggested but not available for checking: ‘RQuantLib’
Flavors: r-devel-linux-x86_64-fedora-clang, r-devel-linux-x86_64-fedora-gcc, r-patched-solaris-x86