CRAN Package Check Results for Package bit64

Last updated on 2020-12-04 00:48:17 CET.

Flavor Version Tinstall Tcheck Ttotal Status Flags
r-devel-linux-x86_64-debian-clang 4.0.5 17.34 54.86 72.20 OK
r-devel-linux-x86_64-debian-gcc 4.0.5 10.96 42.49 53.45 OK
r-devel-linux-x86_64-fedora-clang 4.0.5 91.41 OK
r-devel-linux-x86_64-fedora-gcc 4.0.5 79.45 OK
r-devel-windows-ix86+x86_64 4.0.5 3.00 7.00 10.00 ERROR
r-patched-linux-x86_64 4.0.5 13.79 52.24 66.03 OK
r-patched-solaris-x86 4.0.5 108.40 OK
r-release-linux-x86_64 4.0.5 13.69 52.29 65.98 OK
r-release-macos-x86_64 4.0.5 OK
r-release-windows-ix86+x86_64 4.0.5 25.00 85.00 110.00 OK
r-oldrel-macos-x86_64 4.0.5 OK
r-oldrel-windows-ix86+x86_64 4.0.5 28.00 86.00 114.00 OK

Check Details

Version: 4.0.5
Check: whether package can be installed
Result: ERROR
    Installation failed.
Flavor: r-devel-windows-ix86+x86_64