Last updated on 2020-12-04 00:48:17 CET.
Flavor | Version | Tinstall | Tcheck | Ttotal | Status | Flags |
---|---|---|---|---|---|---|
r-devel-linux-x86_64-debian-clang | 1.0.2 | 138.24 | 40.42 | 178.66 | OK | |
r-devel-linux-x86_64-debian-gcc | 1.0.2 | 92.81 | 31.80 | 124.61 | OK | |
r-devel-linux-x86_64-fedora-clang | 1.0.2 | 258.26 | NOTE | |||
r-devel-linux-x86_64-fedora-gcc | 1.0.2 | 229.23 | OK | |||
r-devel-windows-ix86+x86_64 | 1.0.2 | 330.00 | 95.00 | 425.00 | OK | |
r-patched-linux-x86_64 | 1.0.2 | 112.46 | 40.66 | 153.12 | OK | |
r-patched-solaris-x86 | 1.0.2 | 192.60 | OK | |||
r-release-linux-x86_64 | 1.0.2 | 109.49 | 39.80 | 149.29 | OK | |
r-release-macos-x86_64 | 1.0.2 | NOTE | ||||
r-release-windows-ix86+x86_64 | 1.0.2 | 247.00 | 72.00 | 319.00 | OK | |
r-oldrel-macos-x86_64 | 1.0.2 | NOTE | ||||
r-oldrel-windows-ix86+x86_64 | 1.0.2 | 235.00 | 91.00 | 326.00 | OK |
Version: 1.0.2
Check: installed package size
Result: NOTE
installed size is 6.2Mb
sub-directories of 1Mb or more:
libs 6.0Mb
Flavors: r-devel-linux-x86_64-fedora-clang, r-release-macos-x86_64, r-oldrel-macos-x86_64