CRAN Package Check Results for Package bios2mds

Last updated on 2020-12-04 00:48:17 CET.

Flavor Version Tinstall Tcheck Ttotal Status Flags
r-devel-linux-x86_64-debian-clang 1.2.3 10.09 71.17 81.26 OK
r-devel-linux-x86_64-debian-gcc 1.2.3 8.52 56.88 65.40 OK
r-devel-linux-x86_64-fedora-clang 1.2.3 104.65 OK
r-devel-linux-x86_64-fedora-gcc 1.2.3 96.01 OK
r-devel-windows-ix86+x86_64 1.2.3 20.00 99.00 119.00 OK
r-patched-linux-x86_64 1.2.3 8.92 69.31 78.23 OK
r-patched-solaris-x86 1.2.3 139.80 OK
r-release-linux-x86_64 1.2.3 9.83 68.68 78.51 OK
r-release-macos-x86_64 1.2.3 OK
r-release-windows-ix86+x86_64 1.2.3 15.00 96.00 111.00 OK
r-oldrel-macos-x86_64 1.2.3 WARN
r-oldrel-windows-ix86+x86_64 1.2.3 13.00 94.00 107.00 OK

Check Details

Version: 1.2.3
Check: whether package can be installed
Result: WARN
    Found the following significant warnings:
     Warning: 'rgl.init' failed, running with 'rgl.useNULL = TRUE'.
Flavor: r-oldrel-macos-x86_64