Last updated on 2020-12-04 00:48:17 CET.
Flavor | Version | Tinstall | Tcheck | Ttotal | Status | Flags |
---|---|---|---|---|---|---|
r-devel-linux-x86_64-debian-clang | 0.9.2 | 29.03 | 217.92 | 246.95 | OK | |
r-devel-linux-x86_64-debian-gcc | 0.9.2 | 23.67 | 164.73 | 188.40 | OK | |
r-devel-linux-x86_64-fedora-clang | 0.9.2 | 293.28 | NOTE | |||
r-devel-linux-x86_64-fedora-gcc | 0.9.2 | 293.16 | NOTE | |||
r-devel-windows-ix86+x86_64 | 0.9.2 | 54.00 | 252.00 | 306.00 | OK | |
r-patched-linux-x86_64 | 0.9.2 | 27.17 | 206.26 | 233.43 | OK | |
r-patched-solaris-x86 | 0.9.2 | 386.10 | NOTE | |||
r-release-linux-x86_64 | 0.9.2 | 27.11 | 202.29 | 229.40 | OK | |
r-release-macos-x86_64 | 0.9.2 | NOTE | ||||
r-release-windows-ix86+x86_64 | 0.9.2 | 43.00 | 193.00 | 236.00 | OK | |
r-oldrel-macos-x86_64 | 0.9.2 | NOTE | ||||
r-oldrel-windows-ix86+x86_64 | 0.9.2 | 41.00 | 250.00 | 291.00 | OK |
Version: 0.9.2
Check: dependencies in R code
Result: NOTE
Namespace in Imports field not imported from: ‘fs’
All declared Imports should be used.
Flavors: r-devel-linux-x86_64-fedora-clang, r-devel-linux-x86_64-fedora-gcc, r-patched-solaris-x86, r-release-macos-x86_64, r-oldrel-macos-x86_64