Last updated on 2020-12-04 00:48:17 CET.
Flavor | Version | Tinstall | Tcheck | Ttotal | Status | Flags |
---|---|---|---|---|---|---|
r-devel-linux-x86_64-debian-clang | 2.4-1 | 84.98 | 188.11 | 273.09 | NOTE | |
r-devel-linux-x86_64-debian-gcc | 2.4-1 | 56.41 | 140.10 | 196.51 | NOTE | |
r-devel-linux-x86_64-fedora-clang | 2.4-1 | 350.19 | NOTE | |||
r-devel-linux-x86_64-fedora-gcc | 2.4-1 | 332.85 | NOTE | |||
r-devel-windows-ix86+x86_64 | 2.4-1 | 166.00 | 304.00 | 470.00 | NOTE | |
r-patched-linux-x86_64 | 2.4-1 | 70.43 | 175.11 | 245.54 | NOTE | |
r-patched-solaris-x86 | 2.4-1 | 403.50 | NOTE | |||
r-release-linux-x86_64 | 2.4-1 | 65.50 | 175.21 | 240.71 | NOTE | |
r-release-macos-x86_64 | 2.4-1 | NOTE | ||||
r-release-windows-ix86+x86_64 | 2.4-1 | 138.00 | 233.00 | 371.00 | NOTE | |
r-oldrel-macos-x86_64 | 2.4-1 | NOTE | ||||
r-oldrel-windows-ix86+x86_64 | 2.4-1 | 128.00 | 307.00 | 435.00 | NOTE |
Version: 2.4-1
Check: package dependencies
Result: NOTE
Package suggested but not available for checking: 'msa'
Flavors: r-devel-linux-x86_64-debian-clang, r-devel-linux-x86_64-debian-gcc, r-devel-linux-x86_64-fedora-clang, r-devel-linux-x86_64-fedora-gcc, r-patched-linux-x86_64, r-patched-solaris-x86, r-release-linux-x86_64, r-release-macos-x86_64, r-oldrel-macos-x86_64
Version: 2.4-1
Check: installed package size
Result: NOTE
installed size is 7.1Mb
sub-directories of 1Mb or more:
libs 3.4Mb
Flavors: r-devel-linux-x86_64-fedora-clang, r-devel-windows-ix86+x86_64, r-release-macos-x86_64, r-release-windows-ix86+x86_64, r-oldrel-macos-x86_64, r-oldrel-windows-ix86+x86_64