CRAN Package Check Results for Package binsegRcpp

Last updated on 2020-12-04 00:48:17 CET.

Flavor Version Tinstall Tcheck Ttotal Status Flags
r-devel-linux-x86_64-debian-clang 2020.9.3 19.72 31.99 51.71 OK
r-devel-linux-x86_64-debian-gcc 2020.9.3 12.55 25.63 38.18 OK
r-devel-linux-x86_64-fedora-clang 2020.9.3 75.23 OK
r-devel-linux-x86_64-fedora-gcc 2020.9.3 61.49 OK
r-devel-windows-ix86+x86_64 2020.9.3 49.00 76.00 125.00 OK
r-patched-linux-x86_64 2020.9.3 15.49 31.78 47.27 OK
r-patched-solaris-x86 2020.9.3 76.90 OK
r-release-linux-x86_64 2020.9.3 15.01 31.53 46.54 OK
r-release-macos-x86_64 2020.9.3 OK
r-release-windows-ix86+x86_64 2020.9.3 36.00 63.00 99.00 OK
r-oldrel-macos-x86_64 2020.9.3 NOTE
r-oldrel-windows-ix86+x86_64 2020.9.3 35.00 75.00 110.00 NOTE

Check Details

Version: 2020.9.3
Check: R code for possible problems
Result: NOTE
    plot.binseg_normal: no visible global function definition for ‘plot’
    Undefined global functions or variables:
     plot
    Consider adding
     importFrom("graphics", "plot")
    to your NAMESPACE file.
Flavors: r-oldrel-macos-x86_64, r-oldrel-windows-ix86+x86_64