CRAN Package Check Results for Package binomialMix

Last updated on 2020-12-04 00:48:17 CET.

Flavor Version Tinstall Tcheck Ttotal Status Flags
r-devel-linux-x86_64-debian-clang 1.0.1 4.92 179.32 184.24 OK
r-devel-linux-x86_64-debian-gcc 1.0.1 4.45 140.31 144.76 OK
r-devel-linux-x86_64-fedora-clang 1.0.1 215.10 NOTE
r-devel-linux-x86_64-fedora-gcc 1.0.1 211.60 NOTE
r-devel-windows-ix86+x86_64 1.0.1 10.00 234.00 244.00 OK
r-patched-linux-x86_64 1.0.1 5.35 167.20 172.55 OK
r-patched-solaris-x86 1.0.1 362.90 NOTE
r-release-linux-x86_64 1.0.1 4.75 172.65 177.40 OK
r-release-macos-x86_64 1.0.1 NOTE
r-release-windows-ix86+x86_64 1.0.1 8.00 181.00 189.00 OK
r-oldrel-macos-x86_64 1.0.1 NOTE
r-oldrel-windows-ix86+x86_64 1.0.1 7.00 234.00 241.00 OK

Check Details

Version: 1.0.1
Check: dependencies in R code
Result: NOTE
    Namespace in Imports field not imported from: ‘lubridate’
     All declared Imports should be used.
Flavors: r-devel-linux-x86_64-fedora-clang, r-devel-linux-x86_64-fedora-gcc, r-patched-solaris-x86, r-release-macos-x86_64, r-oldrel-macos-x86_64