CRAN Package Check Results for Package bindata

Last updated on 2020-12-04 00:48:17 CET.

Flavor Version Tinstall Tcheck Ttotal Status Flags
r-devel-linux-x86_64-debian-clang 0.9-19 2.52 27.55 30.07 NOTE
r-devel-linux-x86_64-debian-gcc 0.9-19 2.33 21.83 24.16 NOTE
r-devel-linux-x86_64-fedora-clang 0.9-19 43.08 NOTE
r-devel-linux-x86_64-fedora-gcc 0.9-19 33.26 NOTE
r-devel-windows-ix86+x86_64 0.9-19 5.00 40.00 45.00 NOTE
r-patched-linux-x86_64 0.9-19 2.71 27.91 30.62 NOTE
r-patched-solaris-x86 0.9-19 49.10 NOTE
r-release-linux-x86_64 0.9-19 2.68 26.04 28.72 NOTE
r-release-macos-x86_64 0.9-19 NOTE
r-release-windows-ix86+x86_64 0.9-19 3.00 42.00 45.00 NOTE
r-oldrel-macos-x86_64 0.9-19 NOTE
r-oldrel-windows-ix86+x86_64 0.9-19 3.00 38.00 41.00 NOTE

Check Details

Version: 0.9-19
Check: R code for possible problems
Result: NOTE
    commonprob2sigma: no visible global function definition for 'approxfun'
    rmvbin: no visible global function definition for 'qnorm'
    simul.commonprob: no visible global function definition for 'qnorm'
    Undefined global functions or variables:
     approxfun qnorm
    Consider adding
     importFrom("stats", "approxfun", "qnorm")
    to your NAMESPACE file.
Flavors: r-devel-linux-x86_64-debian-clang, r-devel-linux-x86_64-debian-gcc, r-devel-linux-x86_64-fedora-clang, r-devel-linux-x86_64-fedora-gcc, r-devel-windows-ix86+x86_64, r-patched-linux-x86_64, r-patched-solaris-x86, r-release-linux-x86_64, r-release-macos-x86_64, r-release-windows-ix86+x86_64, r-oldrel-macos-x86_64, r-oldrel-windows-ix86+x86_64