CRAN Package Check Results for Package binGroup2

Last updated on 2020-12-04 00:48:17 CET.

Flavor Version Tinstall Tcheck Ttotal Status Flags
r-devel-linux-x86_64-debian-clang 1.0.2 72.79 134.90 207.69 OK
r-devel-linux-x86_64-debian-gcc 1.0.2 59.23 99.05 158.28 OK
r-devel-linux-x86_64-fedora-clang 1.0.2 274.02 OK
r-devel-linux-x86_64-fedora-gcc 1.0.2 266.81 OK
r-devel-windows-ix86+x86_64 1.0.2 170.00 200.00 370.00 OK
r-patched-linux-x86_64 1.0.2 66.30 124.73 191.03 OK
r-patched-solaris-x86 1.0.2 270.30 OK
r-release-linux-x86_64 1.0.2 68.34 124.04 192.38 OK
r-release-macos-x86_64 1.0.2 NOTE
r-release-windows-ix86+x86_64 1.0.2 129.00 204.00 333.00 OK
r-oldrel-macos-x86_64 1.0.2 NOTE
r-oldrel-windows-ix86+x86_64 1.0.2 115.00 189.00 304.00 OK

Check Details

Version: 1.0.2
Check: installed package size
Result: NOTE
     installed size is 5.9Mb
     sub-directories of 1Mb or more:
     libs 5.0Mb
Flavors: r-release-macos-x86_64, r-oldrel-macos-x86_64