CRAN Package Check Results for Package biglm

Last updated on 2020-12-04 00:48:17 CET.

Flavor Version Tinstall Tcheck Ttotal Status Flags
r-devel-linux-x86_64-debian-clang 0.9-2.1 4.03 29.09 33.12 NOTE
r-devel-linux-x86_64-debian-gcc 0.9-2.1 3.16 24.10 27.26 NOTE
r-devel-linux-x86_64-fedora-clang 0.9-2.1 47.96 NOTE
r-devel-linux-x86_64-fedora-gcc 0.9-2.1 38.67 NOTE
r-devel-windows-ix86+x86_64 0.9-2.1 9.00 107.00 116.00 OK
r-patched-linux-x86_64 0.9-2.1 3.31 29.76 33.07 NOTE
r-patched-solaris-x86 0.9-2.1 58.80 OK
r-release-linux-x86_64 0.9-2.1 3.61 28.24 31.85 NOTE
r-release-macos-x86_64 0.9-2.1 OK
r-release-windows-ix86+x86_64 0.9-2.1 8.00 40.00 48.00 OK
r-oldrel-macos-x86_64 0.9-2.1 OK
r-oldrel-windows-ix86+x86_64 0.9-2.1 7.00 42.00 49.00 OK

Check Details

Version: 0.9-2.1
Check: R code for possible problems
Result: NOTE
    Found the following calls to data() loading into the global environment:
    File 'biglm/R/bigglm.R':
     data(reset = TRUE)
     data(reset = FALSE)
    See section 'Good practice' in '?data'.
Flavors: r-devel-linux-x86_64-debian-clang, r-devel-linux-x86_64-debian-gcc, r-devel-linux-x86_64-fedora-clang, r-patched-linux-x86_64, r-release-linux-x86_64

Version: 0.9-2.1
Check: compiled code
Result: NOTE
    File ‘biglm/libs/biglm.so’:
     Found no calls to: ‘R_registerRoutines’, ‘R_useDynamicSymbols’
    
    It is good practice to register native routines and to disable symbol
    search.
    
    See ‘Writing portable packages’ in the ‘Writing R Extensions’ manual.
Flavors: r-devel-linux-x86_64-fedora-clang, r-devel-linux-x86_64-fedora-gcc