Last updated on 2020-12-04 00:48:17 CET.
Flavor | Version | Tinstall | Tcheck | Ttotal | Status | Flags |
---|---|---|---|---|---|---|
r-devel-linux-x86_64-debian-clang | 0.0.1 | 41.97 | 34.16 | 76.13 | OK | |
r-devel-linux-x86_64-debian-gcc | 0.0.1 | 27.50 | 28.93 | 56.43 | OK | |
r-devel-linux-x86_64-fedora-clang | 0.0.1 | 107.49 | NOTE | |||
r-devel-linux-x86_64-fedora-gcc | 0.0.1 | 88.46 | NOTE | |||
r-devel-windows-ix86+x86_64 | 0.0.1 | 93.00 | 74.00 | 167.00 | OK | |
r-patched-linux-x86_64 | 0.0.1 | 32.82 | 33.71 | 66.53 | OK | |
r-patched-solaris-x86 | 0.0.1 | 102.90 | NOTE | |||
r-release-linux-x86_64 | 0.0.1 | 32.70 | 32.66 | 65.36 | OK | |
r-release-macos-x86_64 | 0.0.1 | NOTE | ||||
r-release-windows-ix86+x86_64 | 0.0.1 | 69.00 | 79.00 | 148.00 | OK | |
r-oldrel-macos-x86_64 | 0.0.1 | NOTE | ||||
r-oldrel-windows-ix86+x86_64 | 0.0.1 | 70.00 | 71.00 | 141.00 | OK |
Version: 0.0.1
Check: dependencies in R code
Result: NOTE
Namespace in Imports field not imported from: ‘survival’
All declared Imports should be used.
Flavors: r-devel-linux-x86_64-fedora-clang, r-devel-linux-x86_64-fedora-gcc, r-patched-solaris-x86, r-release-macos-x86_64, r-oldrel-macos-x86_64