Last updated on 2020-12-04 00:48:17 CET.
Flavor | Version | Tinstall | Tcheck | Ttotal | Status | Flags |
---|---|---|---|---|---|---|
r-devel-linux-x86_64-debian-clang | 0.1.2 | 51.67 | 40.61 | 92.28 | NOTE | |
r-devel-linux-x86_64-debian-gcc | 0.1.2 | 35.72 | 33.49 | 69.21 | NOTE | |
r-devel-linux-x86_64-fedora-clang | 0.1.2 | 129.44 | NOTE | |||
r-devel-linux-x86_64-fedora-gcc | 0.1.2 | 114.85 | NOTE | |||
r-patched-linux-x86_64 | 0.1.2 | 44.34 | 38.67 | 83.01 | NOTE | |
r-patched-solaris-x86 | 0.1.2 | 120.60 | NOTE | |||
r-release-linux-x86_64 | 0.1.2 | 43.50 | 37.87 | 81.37 | NOTE | |
r-release-macos-x86_64 | 0.1.2 | OK | ||||
r-oldrel-macos-x86_64 | 0.1.2 | OK |
Version: 0.1.2
Check: for non-standard things in the check directory
Result: NOTE
Found the following files/directories:
'outputs'
Flavors: r-devel-linux-x86_64-debian-clang, r-devel-linux-x86_64-debian-gcc, r-devel-linux-x86_64-fedora-clang, r-devel-linux-x86_64-fedora-gcc, r-patched-linux-x86_64, r-patched-solaris-x86, r-release-linux-x86_64
Version: 0.1.2
Check: compiled code
Result: NOTE
File ‘bigReg/libs/bigReg.so’:
Found no calls to: ‘R_registerRoutines’, ‘R_useDynamicSymbols’
It is good practice to register native routines and to disable symbol
search.
See ‘Writing portable packages’ in the ‘Writing R Extensions’ manual.
Flavors: r-devel-linux-x86_64-fedora-clang, r-devel-linux-x86_64-fedora-gcc