CRAN Package Check Results for Package bigQueryR

Last updated on 2020-12-04 00:48:17 CET.

Flavor Version Tinstall Tcheck Ttotal Status Flags
r-devel-linux-x86_64-debian-clang 0.5.0 5.59 40.38 45.97 OK
r-devel-linux-x86_64-debian-gcc 0.5.0 4.77 33.98 38.75 OK
r-devel-linux-x86_64-fedora-clang 0.5.0 60.95 NOTE
r-devel-linux-x86_64-fedora-gcc 0.5.0 53.12 OK
r-devel-windows-ix86+x86_64 0.5.0 10.00 54.00 64.00 OK
r-patched-linux-x86_64 0.5.0 5.33 39.40 44.73 OK
r-patched-solaris-x86 0.5.0 81.20 OK
r-release-linux-x86_64 0.5.0 5.28 38.60 43.88 OK
r-release-macos-x86_64 0.5.0 OK
r-release-windows-ix86+x86_64 0.5.0 9.00 44.00 53.00 OK
r-oldrel-macos-x86_64 0.5.0 OK
r-oldrel-windows-ix86+x86_64 0.5.0 7.00 58.00 65.00 OK

Check Details

Version: 0.5.0
Check: Rd cross-references
Result: NOTE
    Undeclared package ‘bigrquery’ in Rd xrefs
Flavor: r-devel-linux-x86_64-fedora-clang