Last updated on 2020-12-04 00:48:17 CET.
Flavor | Version | Tinstall | Tcheck | Ttotal | Status | Flags |
---|---|---|---|---|---|---|
r-devel-linux-x86_64-debian-clang | 3.0.3 | 21.63 | 237.75 | 259.38 | OK | |
r-devel-linux-x86_64-debian-gcc | 3.0.3 | 18.40 | 181.48 | 199.88 | OK | |
r-devel-linux-x86_64-fedora-clang | 3.0.3 | 315.08 | NOTE | |||
r-devel-linux-x86_64-fedora-gcc | 3.0.3 | 313.02 | OK | |||
r-devel-windows-ix86+x86_64 | 3.0.3 | 44.00 | 256.00 | 300.00 | NOTE | |
r-patched-linux-x86_64 | 3.0.3 | 15.40 | 228.72 | 244.12 | OK | |
r-patched-solaris-x86 | 3.0.3 | 428.40 | NOTE | |||
r-release-linux-x86_64 | 3.0.3 | 15.61 | 230.16 | 245.77 | OK | |
r-release-macos-x86_64 | 3.0.3 | NOTE | ||||
r-release-windows-ix86+x86_64 | 3.0.3 | 33.00 | 228.00 | 261.00 | NOTE | |
r-oldrel-macos-x86_64 | 3.0.3 | NOTE | ||||
r-oldrel-windows-ix86+x86_64 | 3.0.3 | 40.00 | 291.00 | 331.00 | NOTE |
Version: 3.0.3
Check: package dependencies
Result: NOTE
Imports includes 22 non-default packages.
Importing from so many packages makes the package vulnerable to any of
them becoming unavailable. Move as many as possible to Suggests and
use conditionally.
Flavor: r-devel-linux-x86_64-fedora-clang
Version: 3.0.3
Check: installed package size
Result: NOTE
installed size is 5.8Mb
sub-directories of 1Mb or more:
data 2.0Mb
doc 2.7Mb
Flavors: r-devel-linux-x86_64-fedora-clang, r-devel-windows-ix86+x86_64, r-patched-solaris-x86, r-release-macos-x86_64, r-release-windows-ix86+x86_64, r-oldrel-macos-x86_64, r-oldrel-windows-ix86+x86_64