Last updated on 2020-12-04 00:48:17 CET.
Flavor | Version | Tinstall | Tcheck | Ttotal | Status | Flags |
---|---|---|---|---|---|---|
r-devel-linux-x86_64-debian-clang | 0.0-41 | 61.74 | 84.31 | 146.05 | OK | |
r-devel-linux-x86_64-debian-gcc | 0.0-41 | 37.90 | 56.22 | 94.12 | OK | |
r-devel-linux-x86_64-fedora-clang | 0.0-41 | 199.63 | OK | |||
r-devel-linux-x86_64-fedora-gcc | 0.0-41 | 167.92 | OK | |||
r-devel-windows-ix86+x86_64 | 0.0-41 | 142.00 | 188.00 | 330.00 | OK | |
r-patched-linux-x86_64 | 0.0-41 | 45.13 | 77.98 | 123.11 | OK | |
r-patched-solaris-x86 | 0.0-41 | 195.40 | OK | |||
r-release-linux-x86_64 | 0.0-41 | 44.86 | 79.94 | 124.80 | OK | |
r-release-macos-x86_64 | 0.0-41 | ERROR | ||||
r-release-windows-ix86+x86_64 | 0.0-41 | 108.00 | 146.00 | 254.00 | OK | |
r-oldrel-macos-x86_64 | 0.0-41 | OK | ||||
r-oldrel-windows-ix86+x86_64 | 0.0-41 | 101.00 | 188.00 | 289.00 | OK |
Version: 0.0-41
Check: whether package can be installed
Result: ERROR
Installation failed.
Flavor: r-release-macos-x86_64