CRAN Package Check Results for Package betategarch

Last updated on 2020-12-04 00:48:17 CET.

Flavor Version Tinstall Tcheck Ttotal Status Flags
r-devel-linux-x86_64-debian-clang 3.3 3.96 30.32 34.28 OK
r-devel-linux-x86_64-debian-gcc 3.3 2.98 25.88 28.86 OK
r-devel-linux-x86_64-fedora-clang 3.3 48.69 NOTE
r-devel-linux-x86_64-fedora-gcc 3.3 39.95 NOTE
r-devel-windows-ix86+x86_64 3.3 9.00 57.00 66.00 OK
r-patched-linux-x86_64 3.3 3.94 30.12 34.06 OK
r-patched-solaris-x86 3.3 58.30 OK
r-release-linux-x86_64 3.3 3.46 29.24 32.70 OK
r-release-macos-x86_64 3.3 OK
r-release-windows-ix86+x86_64 3.3 10.00 55.00 65.00 OK
r-oldrel-macos-x86_64 3.3 OK
r-oldrel-windows-ix86+x86_64 3.3 7.00 55.00 62.00 OK

Check Details

Version: 3.3
Check: compiled code
Result: NOTE
    File ‘betategarch/libs/betategarch.so’:
     Found no calls to: ‘R_registerRoutines’, ‘R_useDynamicSymbols’
    
    It is good practice to register native routines and to disable symbol
    search.
    
    See ‘Writing portable packages’ in the ‘Writing R Extensions’ manual.
Flavors: r-devel-linux-x86_64-fedora-clang, r-devel-linux-x86_64-fedora-gcc