Last updated on 2020-12-04 00:48:17 CET.
Flavor | Version | Tinstall | Tcheck | Ttotal | Status | Flags |
---|---|---|---|---|---|---|
r-devel-linux-x86_64-debian-clang | 0.2.4 | 12.41 | 86.25 | 98.66 | OK | |
r-devel-linux-x86_64-debian-gcc | 0.2.4 | 9.81 | 65.85 | 75.66 | OK | |
r-devel-linux-x86_64-fedora-clang | 0.2.4 | 124.12 | NOTE | |||
r-devel-linux-x86_64-fedora-gcc | 0.2.4 | 118.90 | NOTE | |||
r-devel-windows-ix86+x86_64 | 0.2.4 | 21.00 | 116.00 | 137.00 | OK | |
r-patched-linux-x86_64 | 0.2.4 | 12.50 | 82.83 | 95.33 | OK | |
r-patched-solaris-x86 | 0.2.4 | 144.20 | NOTE | |||
r-release-linux-x86_64 | 0.2.4 | 12.96 | 83.39 | 96.35 | OK | |
r-release-macos-x86_64 | 0.2.4 | NOTE | ||||
r-release-windows-ix86+x86_64 | 0.2.4 | 15.00 | 89.00 | 104.00 | OK | |
r-oldrel-macos-x86_64 | 0.2.4 | NOTE | ||||
r-oldrel-windows-ix86+x86_64 | 0.2.4 | 21.00 | 112.00 | 133.00 | OK |
Version: 0.2.4
Check: dependencies in R code
Result: NOTE
Namespaces in Imports field not imported from:
‘magrittr’ ‘png’
All declared Imports should be used.
Flavors: r-devel-linux-x86_64-fedora-clang, r-devel-linux-x86_64-fedora-gcc, r-patched-solaris-x86, r-release-macos-x86_64, r-oldrel-macos-x86_64
Version: 0.2.4
Check: package dependencies
Result: NOTE
Package suggested but not available for checking: ‘rsvg’
Flavor: r-patched-solaris-x86