CRAN Package Check Results for Package beanz

Last updated on 2020-12-04 00:48:17 CET.

Flavor Version Tinstall Tcheck Ttotal Status Flags
r-devel-linux-x86_64-debian-clang 2.4 780.35 226.44 1006.79 NOTE
r-devel-linux-x86_64-debian-gcc 2.4 699.95 192.71 892.66 NOTE
r-devel-linux-x86_64-fedora-clang 2.4 1410.37 NOTE
r-devel-linux-x86_64-fedora-gcc 2.4 1495.88 NOTE
r-devel-windows-ix86+x86_64 2.4 1712.00 452.00 2164.00 NOTE
r-patched-linux-x86_64 2.4 613.77 250.04 863.81 NOTE
r-patched-solaris-x86 2.4 1337.00 NOTE
r-release-linux-x86_64 2.4 541.27 250.73 792.00 NOTE
r-release-macos-x86_64 2.4 NOTE
r-release-windows-ix86+x86_64 2.4 1220.00 360.00 1580.00 NOTE
r-oldrel-macos-x86_64 2.4 FAIL
r-oldrel-windows-ix86+x86_64 2.4 1465.00 417.00 1882.00 NOTE

Check Details

Version: 2.4
Check: for GNU extensions in Makefiles
Result: NOTE
    GNU make is a SystemRequirements.
Flavors: r-devel-linux-x86_64-debian-clang, r-devel-linux-x86_64-debian-gcc, r-devel-linux-x86_64-fedora-clang, r-devel-linux-x86_64-fedora-gcc, r-devel-windows-ix86+x86_64, r-patched-linux-x86_64, r-patched-solaris-x86, r-release-linux-x86_64, r-release-macos-x86_64, r-release-windows-ix86+x86_64, r-oldrel-macos-x86_64, r-oldrel-windows-ix86+x86_64

Version: 2.4
Check: installed package size
Result: NOTE
     installed size is 118.3Mb
     sub-directories of 1Mb or more:
     libs 116.8Mb
Flavors: r-devel-linux-x86_64-fedora-clang, r-devel-windows-ix86+x86_64, r-patched-solaris-x86, r-release-macos-x86_64, r-release-windows-ix86+x86_64, r-oldrel-macos-x86_64, r-oldrel-windows-ix86+x86_64

Version: 2.4
Check: dependencies in R code
Result: NOTE
    Namespace in Imports field not imported from: ‘rstantools’
     All declared Imports should be used.
Flavors: r-devel-linux-x86_64-fedora-clang, r-devel-linux-x86_64-fedora-gcc, r-patched-solaris-x86, r-release-macos-x86_64, r-oldrel-macos-x86_64

Version: 2.4
Check: re-building of vignette outputs
Result: WARN
    Error(s) in re-building vignettes:
     ...
    --- re-building ‘beanz_vignettes.Rmd’ using rmarkdown
    Warning in engine$weave(file, quiet = quiet, encoding = enc) :
     Pandoc (>= 1.12.3) and/or pandoc-citeproc not available. Falling back to R Markdown v1.
    
    Execution halted
Flavor: r-oldrel-macos-x86_64

Version: 2.4
Check: PDF version of manual
Result: FAIL
Flavor: r-oldrel-macos-x86_64