CRAN Package Check Results for Package bea.R

Last updated on 2020-12-04 00:48:17 CET.

Flavor Version Tinstall Tcheck Ttotal Status Flags
r-devel-linux-x86_64-debian-clang 1.0.6 6.87 59.06 65.93 OK
r-devel-linux-x86_64-debian-gcc 1.0.6 6.16 45.72 51.88 OK
r-devel-linux-x86_64-fedora-clang 1.0.6 82.86 NOTE
r-devel-linux-x86_64-fedora-gcc 1.0.6 74.81 NOTE
r-devel-windows-ix86+x86_64 1.0.6 17.00 78.00 95.00 OK
r-patched-linux-x86_64 1.0.6 7.51 56.00 63.51 OK
r-patched-solaris-x86 1.0.6 115.10 NOTE
r-release-linux-x86_64 1.0.6 7.64 56.21 63.85 OK
r-release-macos-x86_64 1.0.6 NOTE
r-release-windows-ix86+x86_64 1.0.6 14.00 56.00 70.00 OK
r-oldrel-macos-x86_64 1.0.6 NOTE
r-oldrel-windows-ix86+x86_64 1.0.6 12.00 75.00 87.00 OK

Check Details

Version: 1.0.6
Check: package dependencies
Result: NOTE
    Imports includes 22 non-default packages.
    Importing from so many packages makes the package vulnerable to any of
    them becoming unavailable. Move as many as possible to Suggests and
    use conditionally.
Flavor: r-devel-linux-x86_64-fedora-clang

Version: 1.0.6
Check: dependencies in R code
Result: NOTE
    Namespaces in Imports field not imported from:
     ‘Rcpp’ ‘chron’ ‘colorspace’ ‘gtable’ ‘htmltools’ ‘htmlwidgets’
     ‘httpuv’ ‘magrittr’ ‘munsell’ ‘plyr’ ‘scales’ ‘stringi’ ‘xtable’
     ‘yaml’
     All declared Imports should be used.
Flavors: r-devel-linux-x86_64-fedora-clang, r-devel-linux-x86_64-fedora-gcc, r-patched-solaris-x86, r-release-macos-x86_64, r-oldrel-macos-x86_64