Last updated on 2020-12-04 00:48:17 CET.
Flavor | Version | Tinstall | Tcheck | Ttotal | Status | Flags |
---|---|---|---|---|---|---|
r-devel-linux-x86_64-debian-clang | 0.2.22 | 12.20 | 87.72 | 99.92 | OK | |
r-devel-linux-x86_64-debian-gcc | 0.2.22 | 10.27 | 66.16 | 76.43 | OK | |
r-devel-linux-x86_64-fedora-clang | 0.2.22 | 124.81 | OK | |||
r-devel-linux-x86_64-fedora-gcc | 0.2.22 | 118.11 | OK | |||
r-devel-windows-ix86+x86_64 | 0.2.22 | 27.00 | 108.00 | 135.00 | OK | |
r-patched-linux-x86_64 | 0.2.22 | 12.47 | 81.73 | 94.20 | OK | |
r-patched-solaris-x86 | 0.2.22 | 180.80 | OK | |||
r-release-linux-x86_64 | 0.2.22 | 11.43 | 81.94 | 93.37 | OK | |
r-release-macos-x86_64 | 0.2.22 | NOTE | ||||
r-release-windows-ix86+x86_64 | 0.2.22 | 22.00 | 82.00 | 104.00 | OK | |
r-oldrel-macos-x86_64 | 0.2.22 | OK | ||||
r-oldrel-windows-ix86+x86_64 | 0.2.22 | 20.00 | 104.00 | 124.00 | OK |
Version: 0.2.22
Check: package dependencies
Result: NOTE
Package suggested but not available for checking: ‘rinat’
Flavor: r-release-macos-x86_64