CRAN Package Check Results for Package bdclean

Last updated on 2020-12-04 00:48:17 CET.

Flavor Version Tinstall Tcheck Ttotal Status Flags
r-devel-linux-x86_64-debian-clang 0.1.15 12.32 91.47 103.79 OK
r-devel-linux-x86_64-debian-gcc 0.1.15 10.30 69.48 79.78 OK
r-devel-linux-x86_64-fedora-clang 0.1.15 111.00 NOTE
r-devel-linux-x86_64-fedora-gcc 0.1.15 104.48 NOTE
r-devel-windows-ix86+x86_64 0.1.15 32.00 127.00 159.00 OK
r-patched-linux-x86_64 0.1.15 9.51 84.43 93.94 OK
r-patched-solaris-x86 0.1.15 178.40 NOTE
r-release-linux-x86_64 0.1.15 8.36 85.26 93.62 OK
r-release-macos-x86_64 0.1.15 NOTE
r-release-windows-ix86+x86_64 0.1.15 27.00 95.00 122.00 OK
r-oldrel-macos-x86_64 0.1.15 NOTE
r-oldrel-windows-ix86+x86_64 0.1.15 26.00 121.00 147.00 OK

Check Details

Version: 0.1.15
Check: dependencies in R code
Result: NOTE
    Namespace in Imports field not imported from: ‘DT’
     All declared Imports should be used.
Flavors: r-devel-linux-x86_64-fedora-clang, r-devel-linux-x86_64-fedora-gcc, r-patched-solaris-x86, r-release-macos-x86_64, r-oldrel-macos-x86_64