Last updated on 2020-12-04 00:48:17 CET.
Flavor | Version | Tinstall | Tcheck | Ttotal | Status | Flags |
---|---|---|---|---|---|---|
r-devel-linux-x86_64-debian-clang | 0.1.7 | 13.69 | 97.33 | 111.02 | OK | |
r-devel-linux-x86_64-debian-gcc | 0.1.7 | 9.99 | 73.86 | 83.85 | OK | |
r-devel-linux-x86_64-fedora-clang | 0.1.7 | 115.20 | NOTE | |||
r-devel-linux-x86_64-fedora-gcc | 0.1.7 | 106.51 | NOTE | |||
r-devel-windows-ix86+x86_64 | 0.1.7 | 32.00 | 134.00 | 166.00 | OK | |
r-patched-linux-x86_64 | 0.1.7 | 13.67 | 90.77 | 104.44 | OK | |
r-patched-solaris-x86 | 0.1.7 | 188.90 | NOTE | |||
r-release-linux-x86_64 | 0.1.7 | 13.07 | 90.33 | 103.40 | OK | |
r-release-macos-x86_64 | 0.1.7 | NOTE | ||||
r-release-windows-ix86+x86_64 | 0.1.7 | 25.00 | 104.00 | 129.00 | OK | |
r-oldrel-macos-x86_64 | 0.1.7 | NOTE | ||||
r-oldrel-windows-ix86+x86_64 | 0.1.7 | 28.00 | 132.00 | 160.00 | OK |
Version: 0.1.7
Check: data for non-ASCII characters
Result: NOTE
Note: found 72 marked UTF-8 strings
Flavors: r-devel-linux-x86_64-fedora-clang, r-devel-linux-x86_64-fedora-gcc, r-patched-solaris-x86, r-release-macos-x86_64, r-oldrel-macos-x86_64