CRAN Package Check Results for Package bcp

Last updated on 2020-12-04 00:48:16 CET.

Flavor Version Tinstall Tcheck Ttotal Status Flags
r-devel-linux-x86_64-debian-clang 4.0.3 111.14 42.84 153.98 OK
r-devel-linux-x86_64-debian-gcc 4.0.3 73.85 31.90 105.75 OK
r-devel-linux-x86_64-fedora-clang 4.0.3 227.74 NOTE
r-devel-linux-x86_64-fedora-gcc 4.0.3 190.79 OK
r-devel-windows-ix86+x86_64 4.0.3 254.00 98.00 352.00 OK
r-patched-linux-x86_64 4.0.3 90.51 41.49 132.00 OK
r-patched-solaris-x86 4.0.3 183.30 OK
r-release-linux-x86_64 4.0.3 91.98 40.05 132.03 OK
r-release-macos-x86_64 4.0.3 NOTE
r-release-windows-ix86+x86_64 4.0.3 195.00 73.00 268.00 OK
r-oldrel-macos-x86_64 4.0.3 NOTE
r-oldrel-windows-ix86+x86_64 4.0.3 187.00 95.00 282.00 OK

Check Details

Version: 4.0.3
Check: installed package size
Result: NOTE
     installed size is 6.5Mb
     sub-directories of 1Mb or more:
     libs 6.2Mb
Flavors: r-devel-linux-x86_64-fedora-clang, r-release-macos-x86_64

Version: 4.0.3
Check: package dependencies
Result: NOTE
    Package suggested but not available for checking: ‘DNAcopy’
Flavor: r-oldrel-macos-x86_64