Last updated on 2020-12-04 00:48:16 CET.
Flavor | Version | Tinstall | Tcheck | Ttotal | Status | Flags |
---|---|---|---|---|---|---|
r-devel-linux-x86_64-debian-clang | 2.3.5.2020 | 12.03 | 125.22 | 137.25 | OK | |
r-devel-linux-x86_64-debian-gcc | 2.3.5.2020 | 10.19 | 92.66 | 102.85 | OK | |
r-devel-linux-x86_64-fedora-clang | 2.3.5.2020 | 167.58 | NOTE | |||
r-devel-linux-x86_64-fedora-gcc | 2.3.5.2020 | 158.91 | NOTE | |||
r-devel-windows-ix86+x86_64 | 2.3.5.2020 | 25.00 | 146.00 | 171.00 | OK | |
r-patched-linux-x86_64 | 2.3.5.2020 | 13.12 | 115.12 | 128.24 | OK | |
r-patched-solaris-x86 | 2.3.5.2020 | 248.20 | NOTE | |||
r-release-linux-x86_64 | 2.3.5.2020 | 13.88 | 115.48 | 129.36 | OK | |
r-release-macos-x86_64 | 2.3.5.2020 | NOTE | ||||
r-release-windows-ix86+x86_64 | 2.3.5.2020 | 19.00 | 104.00 | 123.00 | OK | |
r-oldrel-macos-x86_64 | 2.3.5.2020 | NOTE | ||||
r-oldrel-windows-ix86+x86_64 | 2.3.5.2020 | 16.00 | 114.00 | 130.00 | OK |
Version: 2.3.5.2020
Check: dependencies in R code
Result: NOTE
Namespaces in Imports field not imported from:
‘latticeExtra’ ‘rgdal’
All declared Imports should be used.
Flavors: r-devel-linux-x86_64-fedora-clang, r-devel-linux-x86_64-fedora-gcc, r-patched-solaris-x86, r-release-macos-x86_64, r-oldrel-macos-x86_64