Last updated on 2020-12-04 00:48:16 CET.
Flavor | Version | Tinstall | Tcheck | Ttotal | Status | Flags |
---|---|---|---|---|---|---|
r-devel-linux-x86_64-debian-clang | 0.3.1 | 46.23 | 218.76 | 264.99 | OK | |
r-devel-linux-x86_64-debian-gcc | 0.3.1 | 31.32 | 174.59 | 205.91 | OK | |
r-devel-linux-x86_64-fedora-clang | 0.3.1 | 339.87 | OK | |||
r-devel-linux-x86_64-fedora-gcc | 0.3.1 | 321.85 | OK | |||
r-devel-windows-ix86+x86_64 | 0.3.1 | 106.00 | 389.00 | 495.00 | NOTE | |
r-patched-linux-x86_64 | 0.3.1 | 38.31 | 214.22 | 252.53 | OK | |
r-patched-solaris-x86 | 0.3.1 | 591.00 | OK | |||
r-release-linux-x86_64 | 0.3.1 | 35.27 | 216.90 | 252.17 | OK | |
r-release-macos-x86_64 | 0.3.1 | NOTE | ||||
r-release-windows-ix86+x86_64 | 0.3.1 | 86.00 | 441.00 | 527.00 | NOTE | |
r-oldrel-macos-x86_64 | 0.3.1 | NOTE | ||||
r-oldrel-windows-ix86+x86_64 | 0.3.1 | 80.00 | 391.00 | 471.00 | NOTE |
Version: 0.3.1
Check: installed package size
Result: NOTE
installed size is 5.7Mb
sub-directories of 1Mb or more:
extdata 2.3Mb
libs 2.8Mb
Flavors: r-devel-windows-ix86+x86_64, r-release-macos-x86_64, r-release-windows-ix86+x86_64, r-oldrel-macos-x86_64, r-oldrel-windows-ix86+x86_64
Version: 0.3.1
Check: re-building of vignette outputs
Result: NOTE
Error(s) in re-building vignettes:
--- re-building ‘article.Rnw’ using Sweave
Setting levels: control = No, case = Yes
Loading required package: glmnet
Loading required package: Matrix
Loaded glmnet 3.0-2
Setting levels: control = No, case = Yes
Setting levels: control = No, case = Yes
Loading required package: Biostrings
Loading required package: BiocGenerics
Loading required package: parallel
Attaching package: 'BiocGenerics'
The following objects are masked from 'package:parallel':
clusterApply, clusterApplyLB, clusterCall, clusterEvalQ,
clusterExport, clusterMap, parApply, parCapply, parLapply,
parLapplyLB, parRapply, parSapply, parSapplyLB
The following object is masked from 'package:Matrix':
which
The following objects are masked from 'package:stats':
IQR, mad, sd, var, xtabs
The following objects are masked from 'package:base':
Filter, Find, Map, Position, Reduce, anyDuplicated,
append, as.data.frame, basename, cbind, colnames, dirname,
do.call, duplicated, eval, evalq, get, grep, grepl,
intersect, is.unsorted, lapply, mapply, match, mget,
order, paste, pmax, pmax.int, pmin, pmin.int, rank, rbind,
rownames, sapply, setdiff, sort, table, tapply, union,
unique, unsplit, which, which.max, which.min
Loading required package: S4Vectors
Warning: package 'S4Vectors' was built under R version 3.6.1
Loading required package: stats4
Attaching package: 'S4Vectors'
The following object is masked from 'package:Matrix':
expand
The following object is masked from 'package:base':
expand.grid
Loading required package: IRanges
Warning: package 'IRanges' was built under R version 3.6.1
Loading required package: XVector
Attaching package: 'Biostrings'
The following object is masked from 'package:base':
strsplit
Error: processing vignette 'article.Rnw' failed with diagnostics:
Running 'texi2dvi' on 'article.tex' failed.
LaTeX errors:
!pdfTeX error: pdflatex (file bbm10): Font bbm10 at 657 not found
==> Fatal error occurred, no output PDF file produced!
--- failed re-building 'article.Rnw'
SUMMARY: processing the following file failed:
'article.Rnw'
Error: Vignette re-building failed.
Execution halted
Flavor: r-oldrel-macos-x86_64