Last updated on 2020-12-04 00:48:16 CET.
Flavor | Version | Tinstall | Tcheck | Ttotal | Status | Flags |
---|---|---|---|---|---|---|
r-devel-linux-x86_64-debian-clang | 3.1-4 | 650.28 | 432.68 | 1082.96 | OK | |
r-devel-linux-x86_64-debian-gcc | 3.1-4 | 423.53 | 305.27 | 728.80 | OK | |
r-devel-linux-x86_64-fedora-clang | 3.1-4 | 1467.54 | NOTE | |||
r-devel-linux-x86_64-fedora-gcc | 3.1-4 | 1354.50 | OK | |||
r-devel-windows-ix86+x86_64 | 3.1-4 | 1484.00 | 616.00 | 2100.00 | NOTE | |
r-patched-linux-x86_64 | 3.1-4 | 500.08 | 411.63 | 911.71 | OK | |
r-patched-solaris-x86 | 3.1-4 | 1503.10 | NOTE | |||
r-release-linux-x86_64 | 3.1-4 | 511.12 | 406.95 | 918.07 | OK | |
r-release-macos-x86_64 | 3.1-4 | NOTE | ||||
r-release-windows-ix86+x86_64 | 3.1-4 | 1093.00 | 607.00 | 1700.00 | NOTE | |
r-oldrel-macos-x86_64 | 3.1-4 | NOTE | ||||
r-oldrel-windows-ix86+x86_64 | 3.1-4 | 1090.00 | 603.00 | 1693.00 | NOTE |
Version: 3.1-4
Check: installed package size
Result: NOTE
installed size is 33.5Mb
sub-directories of 1Mb or more:
doc 2.9Mb
libs 29.0Mb
Flavors: r-devel-linux-x86_64-fedora-clang, r-devel-windows-ix86+x86_64, r-patched-solaris-x86, r-release-macos-x86_64, r-release-windows-ix86+x86_64, r-oldrel-macos-x86_64, r-oldrel-windows-ix86+x86_64