CRAN Package Check Results for Package bayesloglin

Last updated on 2020-12-04 00:48:16 CET.

Flavor Version Tinstall Tcheck Ttotal Status Flags
r-devel-linux-x86_64-debian-clang 1.0.1 5.13 42.12 47.25 OK
r-devel-linux-x86_64-debian-gcc 1.0.1 3.66 34.74 38.40 OK
r-devel-linux-x86_64-fedora-clang 1.0.1 63.20 NOTE
r-devel-linux-x86_64-fedora-gcc 1.0.1 54.06 NOTE
r-devel-windows-ix86+x86_64 1.0.1 9.00 73.00 82.00 NOTE
r-patched-linux-x86_64 1.0.1 4.87 40.65 45.52 OK
r-patched-solaris-x86 1.0.1 74.80 OK
r-release-linux-x86_64 1.0.1 4.94 39.92 44.86 OK
r-release-macos-x86_64 1.0.1 OK
r-release-windows-ix86+x86_64 1.0.1 7.00 78.00 85.00 NOTE
r-oldrel-macos-x86_64 1.0.1 OK
r-oldrel-windows-ix86+x86_64 1.0.1 7.00 75.00 82.00 NOTE

Check Details

Version: 1.0.1
Check: compiled code
Result: NOTE
    File ‘bayesloglin/libs/bayesloglin.so’:
     Found no calls to: ‘R_registerRoutines’, ‘R_useDynamicSymbols’
    
    It is good practice to register native routines and to disable symbol
    search.
    
    See ‘Writing portable packages’ in the ‘Writing R Extensions’ manual.
Flavors: r-devel-linux-x86_64-fedora-clang, r-devel-linux-x86_64-fedora-gcc

Version: 1.0.1
Check: DESCRIPTION meta-information
Result: NOTE
    NeedsCompilation field should likely be 'yes'
Flavors: r-devel-windows-ix86+x86_64, r-release-windows-ix86+x86_64, r-oldrel-windows-ix86+x86_64