CRAN Package Check Results for Package bayesQR

Last updated on 2020-12-04 00:48:16 CET.

Flavor Version Tinstall Tcheck Ttotal Status Flags
r-devel-linux-x86_64-debian-clang 2.3 4.92 32.95 37.87 OK
r-devel-linux-x86_64-debian-gcc 2.3 3.76 27.50 31.26 OK
r-devel-linux-x86_64-fedora-clang 2.3 52.68 NOTE
r-devel-linux-x86_64-fedora-gcc 2.3 43.26 NOTE
r-devel-windows-ix86+x86_64 2.3 15.00 67.00 82.00 OK
r-patched-linux-x86_64 2.3 4.60 32.55 37.15 OK
r-patched-solaris-x86 2.3 69.00 OK
r-release-linux-x86_64 2.3 4.43 31.64 36.07 OK
r-release-macos-x86_64 2.3 OK
r-release-windows-ix86+x86_64 2.3 12.00 66.00 78.00 OK
r-oldrel-macos-x86_64 2.3 OK
r-oldrel-windows-ix86+x86_64 2.3 13.00 109.00 122.00 OK

Check Details

Version: 2.3
Check: compiled code
Result: NOTE
    File ‘bayesQR/libs/bayesQR.so’:
     Found no calls to: ‘R_registerRoutines’, ‘R_useDynamicSymbols’
    
    It is good practice to register native routines and to disable symbol
    search.
    
    See ‘Writing portable packages’ in the ‘Writing R Extensions’ manual.
Flavors: r-devel-linux-x86_64-fedora-clang, r-devel-linux-x86_64-fedora-gcc