Last updated on 2020-12-04 00:48:16 CET.
Flavor | Version | Tinstall | Tcheck | Ttotal | Status | Flags |
---|---|---|---|---|---|---|
r-devel-linux-x86_64-debian-clang | 2.1.5 | 2.91 | 32.47 | 35.38 | OK | |
r-devel-linux-x86_64-debian-gcc | 2.1.5 | 2.31 | 26.26 | 28.57 | OK | |
r-devel-linux-x86_64-fedora-clang | 2.1.5 | 50.33 | NOTE | |||
r-devel-linux-x86_64-fedora-gcc | 2.1.5 | 40.63 | NOTE | |||
r-devel-windows-ix86+x86_64 | 2.1.5 | 9.00 | 63.00 | 72.00 | OK | |
r-patched-linux-x86_64 | 2.1.5 | 3.05 | 31.29 | 34.34 | OK | |
r-patched-solaris-x86 | 2.1.5 | 61.10 | OK | |||
r-release-linux-x86_64 | 2.1.5 | 2.71 | 33.00 | 35.71 | OK | |
r-release-macos-x86_64 | 2.1.5 | OK | ||||
r-release-windows-ix86+x86_64 | 2.1.5 | 7.00 | 64.00 | 71.00 | OK | |
r-oldrel-macos-x86_64 | 2.1.5 | OK | ||||
r-oldrel-windows-ix86+x86_64 | 2.1.5 | 6.00 | 65.00 | 71.00 | OK |
Version: 2.1.5
Check: Rd cross-references
Result: NOTE
Undeclared package ‘fGarch’ in Rd xrefs
Flavor: r-devel-linux-x86_64-fedora-clang
Version: 2.1.5
Check: compiled code
Result: NOTE
File ‘bayesGARCH/libs/bayesGARCH.so’:
Found no calls to: ‘R_registerRoutines’, ‘R_useDynamicSymbols’
It is good practice to register native routines and to disable symbol
search.
See ‘Writing portable packages’ in the ‘Writing R Extensions’ manual.
Flavors: r-devel-linux-x86_64-fedora-clang, r-devel-linux-x86_64-fedora-gcc